{"id":13,"date":"2014-01-04T19:44:02","date_gmt":"2014-01-04T19:44:02","guid":{"rendered":"http:\/\/www.ummel.de\/ummel\/?page_id=13"},"modified":"2017-05-23T22:29:32","modified_gmt":"2017-05-23T20:29:32","slug":"impressum","status":"publish","type":"page","link":"https:\/\/www.ummel.de\/ummel\/impressum\/","title":{"rendered":"Impressum"},"content":{"rendered":"<div id=\"cmmpID_Info\">\n<p><strong>SV Eintracht Hepstedt Breddorf e.V.<\/strong><br \/>\nL\u00fctten Horn 35<br \/>\n27412 Hepstedt<\/p>\n<p><strong>Gesch\u00e4ftsf\u00fchrer<\/strong><br \/>\nMatthias Otten<br \/>\nL\u00fctten Horn 35<br \/>\n27412 Hepstedt<\/p>\n<table border=\"0\" cellspacing=\"0\" cellpadding=\"0\">\n<tbody>\n<tr>\n<td>Telefon:<\/td>\n<td>\u00a0+49 (0) 4283 \/ 980867<\/td>\n<\/tr>\n<tr>\n<td>Fax:<\/td>\n<td>\u00a0+49 (0) 4283 \/ 980868<\/td>\n<\/tr>\n<tr>\n<td><\/td>\n<td><\/td>\n<\/tr>\n<tr>\n<td>eMail:<\/td>\n<td>matthias.otten@t-online.de<\/td>\n<\/tr>\n<tr>\n<td>Internet:<\/td>\n<td><\/td>\n<\/tr>\n<tr>\n<td>\u00a0VR:<\/td>\n<td>\u00a0160016 Vereinsregister des Amtsgerichtes Tostedt<\/td>\n<\/tr>\n<\/tbody>\n<\/table>\n<h3>Inhaltlich Verantwortlicher gem\u00e4\u00df \u00a7 6 MDStV:<\/h3>\n<p>Matthias Otten<\/p>\n<h3>Haftungshinweis:<\/h3>\n<p>Trotz sorgf\u00e4ltiger inhaltlicher Kontrolle \u00fcbernehmen wir keine Haftung f\u00fcr die Inhalte externer Links.<\/p>\n<p>F\u00fcr den Inhalt der verlinkten Seiten sind ausschlie\u00dflich deren Betreiber verantwortlich.<\/p>\n<\/div>\n","protected":false},"excerpt":{"rendered":"<p>SV Eintracht Hepstedt Breddorf e.V. L\u00fctten Horn 35 27412 Hepstedt Gesch\u00e4ftsf\u00fchrer Matthias Otten L\u00fctten Horn 35 27412 Hepstedt Telefon: \u00a0+49 (0) 4283 \/ 980867 Fax: \u00a0+49 (0) 4283 \/ 980868 eMail: matthias.otten@t-online.de Internet: \u00a0VR: \u00a0160016 Vereinsregister des Amtsgerichtes Tostedt Inhaltlich<\/p>\n","protected":false},"author":2,"featured_media":0,"parent":0,"menu_order":95000,"comment_status":"closed","ping_status":"closed","template":"","meta":{"footnotes":""},"class_list":["post-13","page","type-page","status-publish","hentry"],"_links":{"self":[{"href":"https:\/\/www.ummel.de\/ummel\/wp-json\/wp\/v2\/pages\/13","targetHints":{"allow":["GET"]}}],"collection":[{"href":"https:\/\/www.ummel.de\/ummel\/wp-json\/wp\/v2\/pages"}],"about":[{"href":"https:\/\/www.ummel.de\/ummel\/wp-json\/wp\/v2\/types\/page"}],"author":[{"embeddable":true,"href":"https:\/\/www.ummel.de\/ummel\/wp-json\/wp\/v2\/users\/2"}],"replies":[{"embeddable":true,"href":"https:\/\/www.ummel.de\/ummel\/wp-json\/wp\/v2\/comments?post=13"}],"version-history":[{"count":7,"href":"https:\/\/www.ummel.de\/ummel\/wp-json\/wp\/v2\/pages\/13\/revisions"}],"predecessor-version":[{"id":231,"href":"https:\/\/www.ummel.de\/ummel\/wp-json\/wp\/v2\/pages\/13\/revisions\/231"}],"wp:attachment":[{"href":"https:\/\/www.ummel.de\/ummel\/wp-json\/wp\/v2\/media?parent=13"}],"curies":[{"name":"wp","href":"https:\/\/api.w.org\/{rel}","templated":true}]}}