{"id":2495,"date":"2023-11-17T13:06:42","date_gmt":"2023-11-17T12:06:42","guid":{"rendered":"https:\/\/www.ummel.de\/ummel\/?page_id=2495"},"modified":"2025-10-03T10:54:29","modified_gmt":"2025-10-03T08:54:29","slug":"triathlon","status":"publish","type":"page","link":"https:\/\/www.ummel.de\/ummel\/triathlon\/","title":{"rendered":"Triathlon"},"content":{"rendered":"<div class=\"wp-block-image is-style-default\">\n<figure class=\"alignleft is-resized\"><img loading=\"lazy\" decoding=\"async\" width=\"1128\" height=\"570\" src=\"http:\/\/www.ummel.de\/ummel\/wp-content\/uploads\/2020\/01\/Tri-Team-Ummel.png\" alt=\"\" class=\"wp-image-2249\" style=\"width:245px;height:auto\" srcset=\"https:\/\/www.ummel.de\/ummel\/wp-content\/uploads\/2020\/01\/Tri-Team-Ummel.png 1128w, https:\/\/www.ummel.de\/ummel\/wp-content\/uploads\/2020\/01\/Tri-Team-Ummel-300x152.png 300w, https:\/\/www.ummel.de\/ummel\/wp-content\/uploads\/2020\/01\/Tri-Team-Ummel-768x388.png 768w, https:\/\/www.ummel.de\/ummel\/wp-content\/uploads\/2020\/01\/Tri-Team-Ummel-1024x517.png 1024w\" sizes=\"auto, (max-width: 1128px) 100vw, 1128px\" \/><\/figure>\n<\/div>\n\n\n<p class=\"has-black-color has-text-color has-link-color wp-elements-d2d335ff433f748fcd0d417bec4b09d1\">Hier hast Du die Triathlonsparte des SV Eintracht Hepstedt\/Breddorf gefunden. Bei uns hast Du die M\u00f6glichhkeit, gemeinsam mit uns die Welt des Triathlons kennenzulernen. Wir bilden nicht nur einen sportlichen Zusammenschluss, sondern sind auch eine Gemeinschaft von Sportlern, die sich den vielseitigen Herausforderungen des Triathlons stellt. Vom Rookie bis zum erfahrenen Langdistanzler ist alles dabei. Werde Teil unserer Gemeinschaft und entdecke die Welt des Triathlons!<br>Aktuell bestehen wir aus rund 20 aktiven Triathleten im Alter zwischen 20 und 70. Im Training und bei Wettk\u00e4mpfen haben wir viel Spa\u00df und supporten uns gegenseitig.<br>Wir planen gemeinsame Trainingseinheiten, nehmen an Triathlon-Veranstalltungen teil und starten bereits seit 2012 mit einer Mannschaft in der Triathlon-Liga. Seit 2021 sind wir mit einem Mixed-Team in der Verbandsliga Niedersachsen unterwegs.<br><br>Unsere geplanten Teilnahmen f\u00fcr das laufende Jahr sind unter folgendem Link zu finden:<\/p>\n\n\n\n\n\n<h4><span style=\"color: #000000;\"><a style=\"color: #000000;\" href=\"https:\/\/www.ummel.de\/ummel\/termine-2024\/\"><span style=\"color: #0000ff;\"><span style=\"background-color: #ffff00;\">Termine Triathlon<\/span><\/span><\/a><\/span><\/h4>\n\n\n\n\n\n<p class=\"has-black-color has-text-color has-link-color wp-elements-34e634ca8418c8bedc0d3495df331255\"><br><strong>Laufen<\/strong>:<br>Wir treffen uns ganzj\u00e4hrig donnerstags ab 18:15 Uhr gemeinsam mit dem Lauftreff in Hepstedt am Sportplatz (Vierenberg), Start ist hier 18:30 Uhr.<br>Umkleiden und Duschen sind vorhanden.<\/p>\n\n\n\n<p><\/p>\n\n\n\n<p class=\"has-black-color has-text-color has-link-color wp-elements-5be4d860c5cbeede08d9d83a9fbc1ae8\"><strong>Schwimmen:<\/strong><br>Mittwochs (Nov-M\u00e4rz) im Hallenbad Zeven. Zeiten und Teilnahme nach Absprache.<br>Im Sommer gerne im Freibad Hepstedt (25m Bahn) oder im Naturbad Zeven (50m Bahn).<\/p>\n\n\n\n<p class=\"has-black-color has-text-color has-link-color wp-elements-b6c47965e98ca8cf99ef9e732605c4a5\"><strong>Radfahren:<\/strong><br>Erfolgt nach Absprache. Am Wochenende finden sich des \u00f6fteren Gruppen f\u00fcr gemeinsame Ausfahrten. In der dunklen Jahreszeit eher mit MTB und Gravel-Bikes, im Sommer sind wir auch mit Renn- und Triathlonr\u00e4dern unterwegs. F\u00fcr die Saisonvorbereitung werden gerne Koppel- und Wechsel-Trainings gemeinsam durchgef\u00fchrt.<\/p>\n\n\n\n\n\n<p class=\"has-black-color has-text-color has-link-color wp-elements-a2478daa8c88393d94ecd0d31d038c4e\"><strong>Ansprechpartner:<br><\/strong>Jan Haar und Axel Mehrtens<br>WhatsApp \/ Tel.: 0151 157 633 99 und 0151 1654 00 23<br>E-Mail: <a href=\"mailto:Triathlon@svehb.de\">Triathlon@svehb.de<\/a> und <a href=\"mailto:triathlon-ummel@freenet.de\" target=\"_blank\" rel=\"noreferrer noopener\">triathlon-ummel@freenet.de<\/a><\/p>\n\n\n\n<p><a href=\"http:\/\/www.ummel.de\/ummel\/wp-content\/uploads\/2025\/06\/2025-O-See.jpg\"><img loading=\"lazy\" decoding=\"async\" class=\"alignnone  wp-image-3323\" src=\"http:\/\/www.ummel.de\/ummel\/wp-content\/uploads\/2025\/06\/2025-O-See-300x237.jpg\" alt=\"\" width=\"501\" height=\"396\" srcset=\"https:\/\/www.ummel.de\/ummel\/wp-content\/uploads\/2025\/06\/2025-O-See-300x237.jpg 300w, https:\/\/www.ummel.de\/ummel\/wp-content\/uploads\/2025\/06\/2025-O-See-1024x808.jpg 1024w, https:\/\/www.ummel.de\/ummel\/wp-content\/uploads\/2025\/06\/2025-O-See-768x606.jpg 768w, https:\/\/www.ummel.de\/ummel\/wp-content\/uploads\/2025\/06\/2025-O-See.jpg 1077w\" sizes=\"auto, (max-width: 501px) 100vw, 501px\" \/><\/a><\/p>\n<p>2025 O-See Triathlon<\/p>\n\n\n","protected":false},"excerpt":{"rendered":"<p>Hier hast Du die Triathlonsparte des SV Eintracht Hepstedt\/Breddorf gefunden. Bei uns hast Du die M\u00f6glichhkeit, gemeinsam mit uns die Welt des Triathlons kennenzulernen. Wir bilden nicht nur einen sportlichen Zusammenschluss, sondern sind auch eine Gemeinschaft von Sportlern, die sich<\/p>\n","protected":false},"author":16,"featured_media":0,"parent":0,"menu_order":0,"comment_status":"closed","ping_status":"closed","template":"","meta":{"footnotes":""},"class_list":["post-2495","page","type-page","status-publish","hentry"],"_links":{"self":[{"href":"https:\/\/www.ummel.de\/ummel\/wp-json\/wp\/v2\/pages\/2495","targetHints":{"allow":["GET"]}}],"collection":[{"href":"https:\/\/www.ummel.de\/ummel\/wp-json\/wp\/v2\/pages"}],"about":[{"href":"https:\/\/www.ummel.de\/ummel\/wp-json\/wp\/v2\/types\/page"}],"author":[{"embeddable":true,"href":"https:\/\/www.ummel.de\/ummel\/wp-json\/wp\/v2\/users\/16"}],"replies":[{"embeddable":true,"href":"https:\/\/www.ummel.de\/ummel\/wp-json\/wp\/v2\/comments?post=2495"}],"version-history":[{"count":41,"href":"https:\/\/www.ummel.de\/ummel\/wp-json\/wp\/v2\/pages\/2495\/revisions"}],"predecessor-version":[{"id":3376,"href":"https:\/\/www.ummel.de\/ummel\/wp-json\/wp\/v2\/pages\/2495\/revisions\/3376"}],"wp:attachment":[{"href":"https:\/\/www.ummel.de\/ummel\/wp-json\/wp\/v2\/media?parent=2495"}],"curies":[{"name":"wp","href":"https:\/\/api.w.org\/{rel}","templated":true}]}}

<div class="wp-block-image is-style-default">
<figure class="alignleft is-resized"><img loading="lazy" decoding="async" width="1128" height="570" src="http://www.ummel.de/ummel/wp-content/uploads/2020/01/Tri-Team-Ummel.png" alt="" class="wp-image-2249" style="width:245px;height:auto" srcset="https://www.ummel.de/ummel/wp-content/uploads/2020/01/Tri-Team-Ummel.png 1128w, https://www.ummel.de/ummel/wp-content/uploads/2020/01/Tri-Team-Ummel-300x152.png 300w, https://www.ummel.de/ummel/wp-content/uploads/2020/01/Tri-Team-Ummel-768x388.png 768w, https://www.ummel.de/ummel/wp-content/uploads/2020/01/Tri-Team-Ummel-1024x517.png 1024w" sizes="auto, (max-width: 1128px) 100vw, 1128px" /></figure>
</div>


<p class="has-black-color has-text-color has-link-color wp-elements-d2d335ff433f748fcd0d417bec4b09d1">Hier hast Du die Triathlonsparte des SV Eintracht Hepstedt/Breddorf gefunden. Bei uns hast Du die Möglichhkeit, gemeinsam mit uns die Welt des Triathlons kennenzulernen. Wir bilden nicht nur einen sportlichen Zusammenschluss, sondern sind auch eine Gemeinschaft von Sportlern, die sich den vielseitigen Herausforderungen des Triathlons stellt. Vom Rookie bis zum erfahrenen Langdistanzler ist alles dabei. Werde Teil unserer Gemeinschaft und entdecke die Welt des Triathlons!<br>Aktuell bestehen wir aus rund 20 aktiven Triathleten im Alter zwischen 20 und 70. Im Training und bei Wettkämpfen haben wir viel Spaß und supporten uns gegenseitig.<br>Wir planen gemeinsame Trainingseinheiten, nehmen an Triathlon-Veranstalltungen teil und starten bereits seit 2012 mit einer Mannschaft in der Triathlon-Liga. Seit 2021 sind wir mit einem Mixed-Team in der Verbandsliga Niedersachsen unterwegs.<br><br>Unsere geplanten Teilnahmen für das laufende Jahr sind unter folgendem Link zu finden:</p>





<h4><span style="color: #000000;"><a style="color: #000000;" href="https://www.ummel.de/ummel/termine-2024/"><span style="color: #0000ff;"><span style="background-color: #ffff00;">Termine Triathlon</span></span></a></span></h4>





<p class="has-black-color has-text-color has-link-color wp-elements-34e634ca8418c8bedc0d3495df331255"><br><strong>Laufen</strong>:<br>Wir treffen uns ganzjährig donnerstags ab 18:15 Uhr gemeinsam mit dem Lauftreff in Hepstedt am Sportplatz (Vierenberg), Start ist hier 18:30 Uhr.<br>Umkleiden und Duschen sind vorhanden.</p>



<p></p>



<p class="has-black-color has-text-color has-link-color wp-elements-5be4d860c5cbeede08d9d83a9fbc1ae8"><strong>Schwimmen:</strong><br>Mittwochs (Nov-März) im Hallenbad Zeven. Zeiten und Teilnahme nach Absprache.<br>Im Sommer gerne im Freibad Hepstedt (25m Bahn) oder im Naturbad Zeven (50m Bahn).</p>



<p class="has-black-color has-text-color has-link-color wp-elements-b6c47965e98ca8cf99ef9e732605c4a5"><strong>Radfahren:</strong><br>Erfolgt nach Absprache. Am Wochenende finden sich des öfteren Gruppen für gemeinsame Ausfahrten. In der dunklen Jahreszeit eher mit MTB und Gravel-Bikes, im Sommer sind wir auch mit Renn- und Triathlonrädern unterwegs. Für die Saisonvorbereitung werden gerne Koppel- und Wechsel-Trainings gemeinsam durchgeführt.</p>





<p class="has-black-color has-text-color has-link-color wp-elements-a2478daa8c88393d94ecd0d31d038c4e"><strong>Ansprechpartner:<br></strong>Jan Haar und Axel Mehrtens<br>WhatsApp / Tel.: 0151 157 633 99 und 0151 1654 00 23<br>E-Mail: <a href="mailto:Triathlon@svehb.de">Triathlon@svehb.de</a> und <a href="mailto:triathlon-ummel@freenet.de" target="_blank" rel="noreferrer noopener">triathlon-ummel@freenet.de</a></p>



<p><a href="http://www.ummel.de/ummel/wp-content/uploads/2025/06/2025-O-See.jpg"><img loading="lazy" decoding="async" class="alignnone  wp-image-3323" src="http://www.ummel.de/ummel/wp-content/uploads/2025/06/2025-O-See-300x237.jpg" alt="" width="501" height="396" srcset="https://www.ummel.de/ummel/wp-content/uploads/2025/06/2025-O-See-300x237.jpg 300w, https://www.ummel.de/ummel/wp-content/uploads/2025/06/2025-O-See-1024x808.jpg 1024w, https://www.ummel.de/ummel/wp-content/uploads/2025/06/2025-O-See-768x606.jpg 768w, https://www.ummel.de/ummel/wp-content/uploads/2025/06/2025-O-See.jpg 1077w" sizes="auto, (max-width: 501px) 100vw, 501px" /></a></p>
<p>2025 O-See Triathlon</p>

<p>Hier hast Du die Triathlonsparte des SV Eintracht Hepstedt/Breddorf gefunden. Bei uns hast Du die Möglichhkeit, gemeinsam mit uns die Welt des Triathlons kennenzulernen. Wir bilden nicht nur einen sportlichen Zusammenschluss, sondern sind auch eine Gemeinschaft von Sportlern, die sich</p>
